e
Is 28334557403 a composite number?
False
Is 13044225847 composite?
False
Is 7963943873 composite?
True
Is 56043562507 a prime number?
True
Is 9276893953 a prime number?
True
Is 141866863927 prime?
True
Is 9292689629 a prime number?
False
Is 8538298957 a prime number?
False
Is 416733413 prime?
False
Is 11099628823 a prime number?
True
Is 10098165439 prime?
True
Is 74239467403 prime?
False
Is 417828109 composite?
False
Is 3968291 composite?
False
Is 14488373 prime?
True
Is 6095270761 composite?
False
Is 12221564497 a prime number?
False
Is 3863518093 composite?
False
Is 7765930577 prime?
True
Is 210222121 a prime number?
False
Is 3301821823 a composite number?
False
Is 1120462721 prime?
False
Is 1659114689 composite?
False
Is 49838371798 a prime number?
False
Is 27447470863 composite?
False
Is 88357765343 a prime number?
True
Is 503829913 a prime number?
True
Is 1801295219 a composite number?
True
Is 10960513801 a prime number?
True
Is 7157499211 a composite number?
True
Is 1547108261 a prime number?
True
Is 226493947 prime?
True
Is 221792167739 a prime number?
False
Is 1724269663 composite?
False
Is 339446179 a prime number?
False
Is 318510937 prime?
False
Is 59392564106 composite?
True
Is 14886574991 a prime number?
True
Is 1518490978 a prime number?
False
Is 53210557 prime?
True
Is 308994060173 a prime number?
False
Is 2059806523 composite?
True
Is 173964851 a composite number?
True
Is 316806731 composite?
False
Is 1600431919 a prime number?
True
Is 80308087 a composite number?
False
Is 35444653901 a composite number?
True
Is 88282150053 a prime number?
False
Is 3845193959 a composite number?
False
Is 329288161 prime?
True
Is 32892256469 composite?
False
Is 1097220767 composite?
True
Is 65288503837 prime?
True
Is 11350132489 a prime number?
True
Is 12818582746 prime?
False
Is 216751055 prime?
False
Is 1028317477 composite?
True
Is 48082427579 composite?
True
Is 3837953687 a prime number?
True
Is 612721427 a prime number?
True
Is 320284942 composite?
True
Is 1619313167 composite?
False
Is 807477883 a prime number?
False
Is 565143307 composite?
True
Is 13645843069 a prime number?
True
Is 13608810847 a prime number?
False
Is 47918433769 a composite number?
False
Is 1321217993 a composite number?
False
Is 152399176159 a composite number?
True
Is 41565899941 a prime number?
True
Is 84490243 a composite number?
False
Is 10263313141 prime?
True
Is 35538562 prime?
False
Is 3375505907 a prime number?
False
Is 244541279 prime?
True
Is 309135577 a prime number?
False
Is 2358791845 prime?
False
Is 2787925177 composite?
True
Is 534933031 a composite number?
False
Is 236658553 prime?
True
Is 4080939817 a composite number?
True
Is 26495069 prime?
True
Is 15643253 a composite number?
False
Is 48335291711 composite?
True
Is 48801517859 composite?
True
Is 65455138009 prime?
True
Is 10022775793 a composite number?
False
Is 26821119485 a composite number?
True
Is 32334714859 a composite number?
True
Is 838789187 composite?
False
Is 9757668163 a prime number?
False
Is 63498802223 composite?
False
Is 1944915019 composite?
False
Is 4268544121 composite?
True
Is 4640512169 prime?
False
Is 114810558349 composite?
False
Is 18784845437 a prime number?
False
Is 11102218087 a composite number?
True
Is 520080481 a composite number?
False
Is 559132417 composite?
False
Is 2694895103 prime?
True
Is 12677718629 a composite number?
True
Is 1160976797 prime?
True
Is 6469950983 a composite number?
False
Is 4983041729 a composite number?
False
Is 145203031 a prime number?
True
Is 1164578659 a prime number?
False
Is 1137609989 a prime number?
True
Is 87383873 prime?
False
Is 94966795457 a composite number?
False
Is 18123600419 prime?
False
Is 6362012447 a composite number?
True
Is 673201667 prime?
True
Is 209408494 a composite number?
True
Is 906303449 a prime number?
False
Is 14674867 a prime number?
False
Is 2351829307 composite?
True
Is 60971597149 composite?
False
Is 79507894573 a prime number?
False
Is 1416609739 a prime number?
False
Is 938234851 a prime number?
True
Is 5349335873 a composite number?
True
Is 2525792333 a composite number?
False
Is 4060236643 prime?
False
Is 76559635961 composite?
True
Is 16275250789 composite?
True
Is 693685033 a prime number?
False
Is 2356071293 prime?
False
Is 2432113693 composite?
False
Is 57683874653 a prime number?
True
Is 341946475019 a composite number?
False
Is 6167322431 prime?
False
Is 1156493573 a prime number?
True
Is 1163175967 prime?
False
Is 5209701611 prime?
True
Is 4490783331 a composite number?
True
Is 160221731 composite?
True
Is 1730748869 prime?
False
Is 29521952923 prime?
True
Is 11422091671 a prime number?
True
Is 27237523837 composite?
True
Is 822713219 a composite number?
False
Is 364816579 composite?
False
Is 4744136171 a composite number?
False
Is 4071108089 a composite number?
False
Is 5768158559 prime?
True
Is 26490583429 a prime number?
False
Is 641810515441 a prime number?
True
Is 197312797 composite?
True
Is 3965429785 composite?
True
Is 15003643349 composite?
True
Is 2332298711 a composite number?
False
Is 21631547423 composite?
True
Is 65713004867 prime?
True
Is 19927053103 a composite number?
False
Is 4392302669 a prime number?
False
Is 6170472743 prime?
False
Is 619078589 composite?
True
Is 2341678267 a composite number?
False
Is 8491105967 composite?
False
Is 58997261563 prime?
True
Is 151644869 composite?
True
Is 67416604721 a prime number?
False
Is 2741412689 a prime number?
True
Is 7028629 composite?
True
Is 235185962302 a composite number?
True
Is 439457833 a prime number?
False
Is 395157127 a prime number?
True
Is 221540464427 prime?
False
Is 531209281 a prime number?
True
Is 532997999 a prime number?
True
Is 2557556927 a prime number?
True
Is 1539198781 a prime number?
False
Is 91991453503 a prime number?
True
Is 14986196821 prime?
True
Is 68002147 prime?
True
Is 7835463197 a composite number?
True
Is 110389962469 a prime number?
False
Is 30130919419 a prime number?
True
Is 21499627271 composite?
True
Is 67690520879 prime?
True
Is 2092763669 prime?
False
Is 269443231 a prime number?
True
Is 6385035023 a prime number?
False
Is 396939091 composite?
False
Is 522420221 a composite number?
False
Is 74287522331 a composite number?
True
Is 25180981565 a prime number?
False
Is 233625389 prime?
False
Is 6538495813 a composite number?
True
Is 151498651 composite?
False
Is 258776357613 prime?
False
Is 38403493 a composite number?
True
Is 60548455651 a prime number?
False
Is 222586702469 a composite number?
True
Is 2441139517 composite?
True
Is 2589687983 a composite number?
True
Is 6524277547 a prime number?
True
Is 2856426673 a prime number?
False
Is 16466029 a prime number?
True
Is 21231106153 prime?
True
Is 29398352933 prime?
True
Is 911287561 prime?
False
Is 9262161959 a prime number?
True
Is 1674821851 prime?
False
Is 35359265399 prime?
True
Is 59856927293 composite?
True
Is 147342539081 a prime number?
False
Is 750781243 a composite number?
True
Is 982869463 prime?
True
Is 3800380193 composite?
True
Is 134087977 a prime number?
True
Is 1851993019 composite?
False
Is 9595815151 a prime number?
False
Is 6068569669 prime?
True
Is 51802270859 composite?
False
Is 52761805987 a composite number?
True
Is 244054511 composite?
True
Is 1425204889 a prime number?
False
Is 15380825077 composite?
False
Is 21414954787 a prime number?
True
Is 4309774213 prime?
False
Is 115117151 a prime number?
True
Is 2069526049 a prime number?
True
Is 5251062763 a composite number?
False
Is 56218946983 a composite number?
False
Is 9801005411 composite?
False
Is 5403397543 prime?
False
Is 361250283 composite?
True
Is 1765649177 composite?
True
Is 10699416503 a composite number?
True
Is 18540014209 a prime number?
False
Is 1406634731 a composite number?
False
Is 12357721009 a prime number?
True
Is 504117007 a composite number?
False
Is 13865691529 a prime number?
True
Is 23355106097 a composite number?
True
Is 836033843 prime?
True
Is 3984021929 a prime number?
False
Is 5236839899 a prime number?
True
Is 16852659295 a prime number?
False
Is 10030700993 prime?
True
Is 6022218071 prime?
True
Is 21132827 composite?
False
Is 36331109 a prime number?
True
Is 1349573971 a composite number?
True
Is 1504895591 composite?
False
Is 894571